{"id":2214,"date":"2023-11-14T18:35:04","date_gmt":"2023-11-14T17:35:04","guid":{"rendered":"https:\/\/www.pensionchatlandes.fr\/?page_id=2214"},"modified":"2026-01-28T13:12:54","modified_gmt":"2026-01-28T12:12:54","slug":"visites-de-chat-a-domicile-garde-chat-a-domicile-catt-sitter-cat-sitting-pet-sitter-chat-mont-de-marsan-et-communes-aux-alentours","status":"publish","type":"page","link":"https:\/\/www.pensionchatlandes.fr\/index.php\/visites-de-chat-a-domicile-garde-chat-a-domicile-catt-sitter-cat-sitting-pet-sitter-chat-mont-de-marsan-et-communes-aux-alentours\/","title":{"rendered":"Visites de chat \u00e0 domicile &#8211; garde chat \u00e0 domicile &#8211; Catt sitter &#8211; Cat sitting &#8211; Pet sitter chat&#8230; Mont-de-Marsan et communes aux alentours"},"content":{"rendered":"\n<p>Nous vous proposons d\u00e9sormais les visites \u00e0 domicile pour votre ou vos chats (pet sitter pour chats, cat sitter&#8230; les appellations sont vari\u00e9es mais le travail et identique) secteur Mont-de-Marsan et communes proches <strong>(voir tableau ci-dessous)<\/strong> <\/p>\n\n\n\n<p>Le service est effectu\u00e9 par mon conjoint J\u00e9r\u00f4me Turpin titulaire de l&rsquo;ACCACED option chat sous la d\u00e9nomination commerciale \u00ab\u00a0Lou Gat Sitter\u00a0\u00bb. Chaque visite comprend :<\/p>\n\n\n\n<ul class=\"wp-block-list\">\n<li>administration de l&rsquo;eau et de l&rsquo;alimentation selon vos recommandations<\/li>\n\n\n\n<li>entretien de la liti\u00e8re<\/li>\n\n\n\n<li>brossage (si l&rsquo;animal est enclin), nettoyage des yeux (idem) avec votre mat\u00e9riel et vos produits<\/li>\n\n\n\n<li>moments de jeux avec ses jouets pr\u00e9f\u00e9r\u00e9s <\/li>\n\n\n\n<li>caresses <\/li>\n\n\n\n<li>administration de ses m\u00e9dicaments si il est enclin ou dans sa p\u00e2t\u00e9e ou autre selon vos habitudes et les siennes (vache qui rit, beure &#8230;.)   <\/li>\n\n\n\n<li><\/li>\n<\/ul>\n\n\n\n<p><strong>R\u00e9f\u00e9rez-vous au bar\u00e8me tarifaire TTC ci-dessous, le tarif unique est quel que soit le nombre de chats<\/strong>.<\/p>\n\n\n\n<figure class=\"wp-block-table\"><table><tbody><tr><td>Commune <\/td><td>Dur\u00e9e de la visite<\/td><td>HORS <br>dimanches <br>et jours f\u00e9ri\u00e9s<\/td><td>LES <br>dimanches <br>et jours f\u00e9ri\u00e9s<\/td><\/tr><tr><td>40000 Mont-de-Marsan <\/td><td>20 minutes<\/td><td>12 \u20ac<\/td><td>14 \u20ac<\/td><\/tr><tr><td>40090 Artassenx<\/td><td>15 minutes<\/td><td>14 \u20ac<\/td><td>16 \u20ac<\/td><\/tr><tr><td>40090 Bougue<\/td><td>15 minutes<\/td><td>14 \u20ac<\/td><td>16 \u20ac<\/td><\/tr><tr><td>40090 Campet-et-Lamolere<\/td><td>15 minutes<\/td><td>16 \u20ac<\/td><td>18 \u20ac<\/td><\/tr><tr><td>40090 Gaill\u00e8res<\/td><td>15 minutes<\/td><td>16 \u20ac<\/td><td>18 \u20ac<\/td><\/tr><tr><td>40090 Laglorieuse<\/td><td>15 minutes<\/td><td>14 \u20ac<\/td><td>16 \u20ac<\/td><\/tr><tr><td>40090 Lucbardez et Bargues<\/td><td>15 minutes<\/td><td>16 \u20ac<\/td><td>18 \u20ac<\/td><\/tr><tr><td>40090 Mazerolles<\/td><td>15 minutes<\/td><td>14 \u20ac<\/td><td>16 \u20ac<\/td><\/tr><tr><td>40090 Saint-Avit<\/td><td>15 minutes<\/td><td>14 \u20ac<\/td><td>16 \u20ac<\/td><\/tr><tr><td>40090 Saint-Perdon<\/td><td>15 minutes<\/td><td>16 \u20ac<\/td><td>18 \u20ac<\/td><\/tr><tr><td>40090 Uchacq-et-Parentis<\/td><td>15 minutes<\/td><td>16 \u20ac<\/td><td>18 \u20ac<\/td><\/tr><tr><td>40280 Benquet<\/td><td>15 minutes<\/td><td>14 \u20ac<\/td><td>16 \u20ac<\/td><\/tr><tr><td>40280 Bretagne-de-Marsan<\/td><td>15 minutes<\/td><td>14 \u20ac<\/td><td>16 \u20ac<\/td><\/tr><tr><td>40280 Haut-Mauco<\/td><td>15 minutes<\/td><td>14 \u20ac<\/td><td>16 \u20ac<\/td><\/tr><tr><td>40280 Saint-Pierre du Mont<\/td><td>20 minutes<\/td><td>12 \u20ac<\/td><td>14 \u20ac<\/td><\/tr><\/tbody><\/table><\/figure>\n\n\n\n<p><\/p>\n\n\n\n<p><strong>Pour effectuer une demande de visite \u00e0 domicile, merci de cliquer sur le lien suivant<\/strong>: <a href=\"https:\/\/web.kookie.pet\/web\/506eab4f61-lou-gat-sitter\/sitter\">https:\/\/web.kookie.pet\/web\/506eab4f61-lou-gat-sitter\/sitter<\/a> et de compl\u00e9ter ensuite le formulaire avec les informations dont les cases comportent un ast\u00e9risque (*) . Pour voir nos jours d&rsquo;absence merci d&rsquo;aller voir la rubrique Horaires.<\/p>\n\n\n\n<figure class=\"wp-block-image size-full\"><img loading=\"lazy\" decoding=\"async\" width=\"740\" height=\"646\" src=\"https:\/\/www.pensionchatlandes.fr\/wp-content\/uploads\/2025\/11\/informations-obligatoires-reseervation-en-ligne-1.png\" alt=\"\" class=\"wp-image-2390\" srcset=\"https:\/\/www.pensionchatlandes.fr\/wp-content\/uploads\/2025\/11\/informations-obligatoires-reseervation-en-ligne-1.png 740w, https:\/\/www.pensionchatlandes.fr\/wp-content\/uploads\/2025\/11\/informations-obligatoires-reseervation-en-ligne-1-300x262.png 300w, https:\/\/www.pensionchatlandes.fr\/wp-content\/uploads\/2025\/11\/informations-obligatoires-reseervation-en-ligne-1-641x560.png 641w\" sizes=\"auto, (max-width: 740px) 100vw, 740px\" \/><\/figure>\n\n\n\n<p>N.B : SI VOUS N&rsquo;ARRIVEZ PAS A REMPLIR LA DEMANDE EN LIGNE, ENVOYEZ-MOI ALORS UNE DEMANDE PAR MAIL A <a href=\"mailto:pensionchatlandes@gmail.com\">pensionchatlandes@gmail.com<\/a> avec les informations demand\u00e9es ci-dessus ainsi que date de la premi\u00e8re prestation \u00e0 effectuer, date de la derni\u00e8re prestation \u00e0 effectuer, jours de passage, nombre de passage souhait\u00e9.<\/p>\n\n\n\n<p>Pour toutes questions : 07.54.37.57.95<\/p>\n\n\n\n<p><\/p>\n\n\n\n<p><\/p>\n\n\n\n<p><\/p>\n","protected":false},"excerpt":{"rendered":"<p>Nous vous proposons d\u00e9sormais les visites \u00e0 domicile pour votre ou vos chats (pet sitter pour chats, cat sitter&#8230; les appellations sont vari\u00e9es mais le travail et identique) secteur Mont-de-Marsan et communes proches (voir tableau ci-dessous) Le service est effectu\u00e9 par mon conjoint J\u00e9r\u00f4me Turpin titulaire de l&rsquo;ACCACED option chat sous la d\u00e9nomination commerciale \u00ab\u00a0Lou &hellip; <a href=\"https:\/\/www.pensionchatlandes.fr\/index.php\/visites-de-chat-a-domicile-garde-chat-a-domicile-catt-sitter-cat-sitting-pet-sitter-chat-mont-de-marsan-et-communes-aux-alentours\/\" class=\"more-link\">Continue reading<span class=\"screen-reader-text\"> \u00ab\u00a0Visites de chat \u00e0 domicile &#8211; garde chat \u00e0 domicile &#8211; Catt sitter &#8211; Cat sitting &#8211; Pet sitter chat&#8230; Mont-de-Marsan et communes aux alentours\u00a0\u00bb<\/span><\/a><\/p>\n","protected":false},"author":1,"featured_media":0,"parent":0,"menu_order":0,"comment_status":"closed","ping_status":"closed","template":"","meta":{"footnotes":""},"class_list":["post-2214","page","type-page","status-publish","hentry"],"_links":{"self":[{"href":"https:\/\/www.pensionchatlandes.fr\/index.php\/wp-json\/wp\/v2\/pages\/2214","targetHints":{"allow":["GET"]}}],"collection":[{"href":"https:\/\/www.pensionchatlandes.fr\/index.php\/wp-json\/wp\/v2\/pages"}],"about":[{"href":"https:\/\/www.pensionchatlandes.fr\/index.php\/wp-json\/wp\/v2\/types\/page"}],"author":[{"embeddable":true,"href":"https:\/\/www.pensionchatlandes.fr\/index.php\/wp-json\/wp\/v2\/users\/1"}],"replies":[{"embeddable":true,"href":"https:\/\/www.pensionchatlandes.fr\/index.php\/wp-json\/wp\/v2\/comments?post=2214"}],"version-history":[{"count":14,"href":"https:\/\/www.pensionchatlandes.fr\/index.php\/wp-json\/wp\/v2\/pages\/2214\/revisions"}],"predecessor-version":[{"id":2405,"href":"https:\/\/www.pensionchatlandes.fr\/index.php\/wp-json\/wp\/v2\/pages\/2214\/revisions\/2405"}],"wp:attachment":[{"href":"https:\/\/www.pensionchatlandes.fr\/index.php\/wp-json\/wp\/v2\/media?parent=2214"}],"curies":[{"name":"wp","href":"https:\/\/api.w.org\/{rel}","templated":true}]}}